{"id":1887,"date":"2024-03-20T16:48:25","date_gmt":"2024-03-20T16:48:25","guid":{"rendered":"https:\/\/www.implementandosgi.com\/sitiosplus\/?page_id=1887"},"modified":"2024-03-20T16:57:16","modified_gmt":"2024-03-20T16:57:16","slug":"productos-uso-eficiente-de-la-energia","status":"publish","type":"page","link":"https:\/\/www.implementandosgi.com\/sitiosplus\/productos-uso-eficiente-de-la-energia\/","title":{"rendered":"Productos Uso Eficiente de la Energia"},"content":{"rendered":"\t\t<div data-elementor-type=\"wp-page\" data-elementor-id=\"1887\" class=\"elementor elementor-1887\" data-elementor-post-type=\"page\">\n\t\t\t\t\t\t<section class=\"elementor-section elementor-top-section elementor-element elementor-element-3ae95af elementor-section-boxed elementor-section-height-default elementor-section-height-default\" data-id=\"3ae95af\" data-element_type=\"section\" data-settings=\"{&quot;background_background&quot;:&quot;classic&quot;}\">\n\t\t\t\t\t\t\t<div class=\"elementor-background-overlay\"><\/div>\n\t\t\t\t\t\t\t<div class=\"elementor-container elementor-column-gap-default\">\n\t\t\t\t\t<div class=\"elementor-column elementor-col-100 elementor-top-column elementor-element elementor-element-0427604\" data-id=\"0427604\" data-element_type=\"column\">\n\t\t\t<div class=\"elementor-widget-wrap elementor-element-populated\">\n\t\t\t\t\t\t<div class=\"elementor-element elementor-element-8a6b1f6 elementor-widget elementor-widget-heading\" data-id=\"8a6b1f6\" data-element_type=\"widget\" data-widget_type=\"heading.default\">\n\t\t\t\t<div class=\"elementor-widget-container\">\n\t\t\t<style>\/*! elementor - v3.23.0 - 05-08-2024 *\/\n.elementor-heading-title{padding:0;margin:0;line-height:1}.elementor-widget-heading .elementor-heading-title[class*=elementor-size-]>a{color:inherit;font-size:inherit;line-height:inherit}.elementor-widget-heading .elementor-heading-title.elementor-size-small{font-size:15px}.elementor-widget-heading .elementor-heading-title.elementor-size-medium{font-size:19px}.elementor-widget-heading .elementor-heading-title.elementor-size-large{font-size:29px}.elementor-widget-heading .elementor-heading-title.elementor-size-xl{font-size:39px}.elementor-widget-heading .elementor-heading-title.elementor-size-xxl{font-size:59px}<\/style><h1 class=\"elementor-heading-title elementor-size-default\">Productos<\/h1>\t\t<\/div>\n\t\t\t\t<\/div>\n\t\t\t\t\t<\/div>\n\t\t<\/div>\n\t\t\t\t\t<\/div>\n\t\t<\/section>\n\t\t\t\t<section class=\"elementor-section elementor-top-section elementor-element elementor-element-e62b890 elementor-section-boxed elementor-section-height-default elementor-section-height-default\" data-id=\"e62b890\" data-element_type=\"section\">\n\t\t\t\t\t\t<div class=\"elementor-container elementor-column-gap-default\">\n\t\t\t\t\t<div class=\"elementor-column elementor-col-25 elementor-top-column elementor-element elementor-element-abb9494\" data-id=\"abb9494\" data-element_type=\"column\">\n\t\t\t<div class=\"elementor-widget-wrap elementor-element-populated\">\n\t\t\t\t\t\t<div class=\"elementor-element elementor-element-8c60478 elementor-widget elementor-widget-image\" data-id=\"8c60478\" data-element_type=\"widget\" data-widget_type=\"image.default\">\n\t\t\t\t<div class=\"elementor-widget-container\">\n\t\t\t<style>\/*! elementor - v3.23.0 - 05-08-2024 *\/\n.elementor-widget-image{text-align:center}.elementor-widget-image a{display:inline-block}.elementor-widget-image a img[src$=\".svg\"]{width:48px}.elementor-widget-image img{vertical-align:middle;display:inline-block}<\/style>\t\t\t\t\t\t\t\t\t\t\t<a href=\"https:\/\/tienda.atcalsas.com\/producto\/ahorro-energia-3\/\" target=\"_blank\">\n\t\t\t\t\t\t\t<img fetchpriority=\"high\" decoding=\"async\" width=\"626\" height=\"626\" src=\"https:\/\/www.implementandosgi.com\/sitiosplus\/wp-content\/uploads\/2024\/03\/69.webp\" class=\"attachment-large size-large wp-image-1889\" alt=\"\" srcset=\"https:\/\/www.implementandosgi.com\/sitiosplus\/wp-content\/uploads\/2024\/03\/69.webp 626w, https:\/\/www.implementandosgi.com\/sitiosplus\/wp-content\/uploads\/2024\/03\/69-300x300.webp 300w, https:\/\/www.implementandosgi.com\/sitiosplus\/wp-content\/uploads\/2024\/03\/69-150x150.webp 150w\" sizes=\"(max-width: 626px) 100vw, 626px\" \/>\t\t\t\t\t\t\t\t<\/a>\n\t\t\t\t\t\t\t\t\t\t\t\t\t<\/div>\n\t\t\t\t<\/div>\n\t\t\t\t<div class=\"elementor-element elementor-element-76d136a elementor-widget elementor-widget-text-editor\" data-id=\"76d136a\" data-element_type=\"widget\" data-widget_type=\"text-editor.default\">\n\t\t\t\t<div class=\"elementor-widget-container\">\n\t\t\t<style>\/*! elementor - v3.23.0 - 05-08-2024 *\/\n.elementor-widget-text-editor.elementor-drop-cap-view-stacked .elementor-drop-cap{background-color:#69727d;color:#fff}.elementor-widget-text-editor.elementor-drop-cap-view-framed .elementor-drop-cap{color:#69727d;border:3px solid;background-color:transparent}.elementor-widget-text-editor:not(.elementor-drop-cap-view-default) .elementor-drop-cap{margin-top:8px}.elementor-widget-text-editor:not(.elementor-drop-cap-view-default) .elementor-drop-cap-letter{width:1em;height:1em}.elementor-widget-text-editor .elementor-drop-cap{float:left;text-align:center;line-height:1;font-size:50px}.elementor-widget-text-editor .elementor-drop-cap-letter{display:inline-block}<\/style>\t\t\t\t<p>Curso \u00c1gil: Ahorro de energ\u00eda<\/p>\t\t\t\t\t\t<\/div>\n\t\t\t\t<\/div>\n\t\t\t\t\t<\/div>\n\t\t<\/div>\n\t\t\t\t<div class=\"elementor-column elementor-col-25 elementor-top-column elementor-element elementor-element-7bed790\" data-id=\"7bed790\" data-element_type=\"column\">\n\t\t\t<div class=\"elementor-widget-wrap elementor-element-populated\">\n\t\t\t\t\t\t<div class=\"elementor-element elementor-element-60e030d elementor-widget elementor-widget-image\" data-id=\"60e030d\" data-element_type=\"widget\" data-widget_type=\"image.default\">\n\t\t\t\t<div class=\"elementor-widget-container\">\n\t\t\t\t\t\t\t\t\t\t\t\t\t\t<a href=\"https:\/\/tienda.atcalsas.com\/producto\/residuos-de-aparatos-electricos-y-electronicos-raee-3\/\" target=\"_blank\">\n\t\t\t\t\t\t\t<img decoding=\"async\" width=\"626\" height=\"626\" src=\"https:\/\/www.implementandosgi.com\/sitiosplus\/wp-content\/uploads\/2024\/03\/86.webp\" class=\"attachment-large size-large wp-image-1890\" alt=\"\" srcset=\"https:\/\/www.implementandosgi.com\/sitiosplus\/wp-content\/uploads\/2024\/03\/86.webp 626w, https:\/\/www.implementandosgi.com\/sitiosplus\/wp-content\/uploads\/2024\/03\/86-300x300.webp 300w, https:\/\/www.implementandosgi.com\/sitiosplus\/wp-content\/uploads\/2024\/03\/86-150x150.webp 150w\" sizes=\"(max-width: 626px) 100vw, 626px\" \/>\t\t\t\t\t\t\t\t<\/a>\n\t\t\t\t\t\t\t\t\t\t\t\t\t<\/div>\n\t\t\t\t<\/div>\n\t\t\t\t<div class=\"elementor-element elementor-element-88e51f2 elementor-widget elementor-widget-text-editor\" data-id=\"88e51f2\" data-element_type=\"widget\" data-widget_type=\"text-editor.default\">\n\t\t\t\t<div class=\"elementor-widget-container\">\n\t\t\t\t\t\t\t<p>Curso: Residuos de aparatos el\u00e9ctricos y electr\u00f3nicos &#8211; RAEE<\/p>\t\t\t\t\t\t<\/div>\n\t\t\t\t<\/div>\n\t\t\t\t\t<\/div>\n\t\t<\/div>\n\t\t\t\t<div class=\"elementor-column elementor-col-25 elementor-top-column elementor-element elementor-element-26592d9\" data-id=\"26592d9\" data-element_type=\"column\">\n\t\t\t<div class=\"elementor-widget-wrap elementor-element-populated\">\n\t\t\t\t\t\t<div class=\"elementor-element elementor-element-888a164 elementor-widget elementor-widget-image\" data-id=\"888a164\" data-element_type=\"widget\" data-widget_type=\"image.default\">\n\t\t\t\t<div class=\"elementor-widget-container\">\n\t\t\t\t\t\t\t\t\t\t\t\t\t\t<a href=\"https:\/\/tienda.atcalsas.com\/producto\/curso-gestion-de-residuos-solidos-urbanos\/\" target=\"_blank\">\n\t\t\t\t\t\t\t<img decoding=\"async\" width=\"1024\" height=\"1024\" src=\"https:\/\/www.implementandosgi.com\/sitiosplus\/wp-content\/uploads\/2024\/03\/Semana-3-11-1-1024x1024.webp\" class=\"attachment-large size-large wp-image-1891\" alt=\"\" srcset=\"https:\/\/www.implementandosgi.com\/sitiosplus\/wp-content\/uploads\/2024\/03\/Semana-3-11-1-1024x1024.webp 1024w, https:\/\/www.implementandosgi.com\/sitiosplus\/wp-content\/uploads\/2024\/03\/Semana-3-11-1-300x300.webp 300w, https:\/\/www.implementandosgi.com\/sitiosplus\/wp-content\/uploads\/2024\/03\/Semana-3-11-1-150x150.webp 150w, https:\/\/www.implementandosgi.com\/sitiosplus\/wp-content\/uploads\/2024\/03\/Semana-3-11-1-768x768.webp 768w, https:\/\/www.implementandosgi.com\/sitiosplus\/wp-content\/uploads\/2024\/03\/Semana-3-11-1-1536x1536.webp 1536w, https:\/\/www.implementandosgi.com\/sitiosplus\/wp-content\/uploads\/2024\/03\/Semana-3-11-1-2048x2048.webp 2048w\" sizes=\"(max-width: 1024px) 100vw, 1024px\" \/>\t\t\t\t\t\t\t\t<\/a>\n\t\t\t\t\t\t\t\t\t\t\t\t\t<\/div>\n\t\t\t\t<\/div>\n\t\t\t\t<div class=\"elementor-element elementor-element-1fdf8d6 elementor-widget elementor-widget-text-editor\" data-id=\"1fdf8d6\" data-element_type=\"widget\" data-widget_type=\"text-editor.default\">\n\t\t\t\t<div class=\"elementor-widget-container\">\n\t\t\t\t\t\t\t<p>Curso: Gesti\u00f3n de residuos s\u00f3lidos urbanos<\/p>\t\t\t\t\t\t<\/div>\n\t\t\t\t<\/div>\n\t\t\t\t\t<\/div>\n\t\t<\/div>\n\t\t\t\t<div class=\"elementor-column elementor-col-25 elementor-top-column elementor-element elementor-element-416d53a\" data-id=\"416d53a\" data-element_type=\"column\">\n\t\t\t<div class=\"elementor-widget-wrap elementor-element-populated\">\n\t\t\t\t\t\t<div class=\"elementor-element elementor-element-259b58f elementor-widget elementor-widget-image\" data-id=\"259b58f\" data-element_type=\"widget\" data-widget_type=\"image.default\">\n\t\t\t\t<div class=\"elementor-widget-container\">\n\t\t\t\t\t\t\t\t\t\t\t\t\t\t<a href=\"https:\/\/tienda.atcalsas.com\/producto\/manejo-de-residuos-radioactivos-3\/\" target=\"_blank\">\n\t\t\t\t\t\t\t<img loading=\"lazy\" decoding=\"async\" width=\"626\" height=\"626\" src=\"https:\/\/www.implementandosgi.com\/sitiosplus\/wp-content\/uploads\/2024\/03\/46.webp\" class=\"attachment-large size-large wp-image-1892\" alt=\"\" srcset=\"https:\/\/www.implementandosgi.com\/sitiosplus\/wp-content\/uploads\/2024\/03\/46.webp 626w, https:\/\/www.implementandosgi.com\/sitiosplus\/wp-content\/uploads\/2024\/03\/46-300x300.webp 300w, https:\/\/www.implementandosgi.com\/sitiosplus\/wp-content\/uploads\/2024\/03\/46-150x150.webp 150w\" sizes=\"(max-width: 626px) 100vw, 626px\" \/>\t\t\t\t\t\t\t\t<\/a>\n\t\t\t\t\t\t\t\t\t\t\t\t\t<\/div>\n\t\t\t\t<\/div>\n\t\t\t\t<div class=\"elementor-element elementor-element-5bbc327 elementor-widget elementor-widget-text-editor\" data-id=\"5bbc327\" data-element_type=\"widget\" data-widget_type=\"text-editor.default\">\n\t\t\t\t<div class=\"elementor-widget-container\">\n\t\t\t\t\t\t\t<p>Curso \u00c1gil: Manejo de residuos radioactivos<\/p>\t\t\t\t\t\t<\/div>\n\t\t\t\t<\/div>\n\t\t\t\t\t<\/div>\n\t\t<\/div>\n\t\t\t\t\t<\/div>\n\t\t<\/section>\n\t\t\t\t<section class=\"elementor-section elementor-top-section elementor-element elementor-element-c0f1ed9 elementor-section-boxed elementor-section-height-default elementor-section-height-default\" data-id=\"c0f1ed9\" data-element_type=\"section\">\n\t\t\t\t\t\t<div class=\"elementor-container elementor-column-gap-default\">\n\t\t\t\t\t<div class=\"elementor-column elementor-col-25 elementor-top-column elementor-element elementor-element-9b5e392\" data-id=\"9b5e392\" data-element_type=\"column\">\n\t\t\t<div class=\"elementor-widget-wrap elementor-element-populated\">\n\t\t\t\t\t\t<div class=\"elementor-element elementor-element-922bc79 elementor-widget elementor-widget-image\" data-id=\"922bc79\" data-element_type=\"widget\" data-widget_type=\"image.default\">\n\t\t\t\t<div class=\"elementor-widget-container\">\n\t\t\t\t\t\t\t\t\t\t\t\t\t\t<a href=\"https:\/\/tienda.atcalsas.com\/producto\/auditor-interno-ambiental-sga-iso-140012015-3\/\" target=\"_blank\">\n\t\t\t\t\t\t\t<img loading=\"lazy\" decoding=\"async\" width=\"626\" height=\"626\" src=\"https:\/\/www.implementandosgi.com\/sitiosplus\/wp-content\/uploads\/2024\/03\/LISTADO-5.webp\" class=\"attachment-large size-large wp-image-1893\" alt=\"\" srcset=\"https:\/\/www.implementandosgi.com\/sitiosplus\/wp-content\/uploads\/2024\/03\/LISTADO-5.webp 626w, https:\/\/www.implementandosgi.com\/sitiosplus\/wp-content\/uploads\/2024\/03\/LISTADO-5-300x300.webp 300w, https:\/\/www.implementandosgi.com\/sitiosplus\/wp-content\/uploads\/2024\/03\/LISTADO-5-150x150.webp 150w\" sizes=\"(max-width: 626px) 100vw, 626px\" \/>\t\t\t\t\t\t\t\t<\/a>\n\t\t\t\t\t\t\t\t\t\t\t\t\t<\/div>\n\t\t\t\t<\/div>\n\t\t\t\t<div class=\"elementor-element elementor-element-0276401 elementor-widget elementor-widget-text-editor\" data-id=\"0276401\" data-element_type=\"widget\" data-widget_type=\"text-editor.default\">\n\t\t\t\t<div class=\"elementor-widget-container\">\n\t\t\t\t\t\t\t<p>Curso: Auditor interno ambiental (SGA) ISO 14001:2015<\/p>\t\t\t\t\t\t<\/div>\n\t\t\t\t<\/div>\n\t\t\t\t\t<\/div>\n\t\t<\/div>\n\t\t\t\t<div class=\"elementor-column elementor-col-25 elementor-top-column elementor-element elementor-element-5f84299\" data-id=\"5f84299\" data-element_type=\"column\">\n\t\t\t<div class=\"elementor-widget-wrap\">\n\t\t\t\t\t\t\t<\/div>\n\t\t<\/div>\n\t\t\t\t<div class=\"elementor-column elementor-col-25 elementor-top-column elementor-element elementor-element-e79744f\" data-id=\"e79744f\" data-element_type=\"column\">\n\t\t\t<div class=\"elementor-widget-wrap\">\n\t\t\t\t\t\t\t<\/div>\n\t\t<\/div>\n\t\t\t\t<div class=\"elementor-column elementor-col-25 elementor-top-column elementor-element elementor-element-5550d4e\" data-id=\"5550d4e\" data-element_type=\"column\">\n\t\t\t<div class=\"elementor-widget-wrap\">\n\t\t\t\t\t\t\t<\/div>\n\t\t<\/div>\n\t\t\t\t\t<\/div>\n\t\t<\/section>\n\t\t\t\t<\/div>\n\t\t","protected":false},"excerpt":{"rendered":"<p>Productos Curso \u00c1gil: Ahorro de energ\u00eda Curso: Residuos de aparatos el\u00e9ctricos y electr\u00f3nicos &#8211; RAEE Curso: Gesti\u00f3n de residuos s\u00f3lidos urbanos Curso \u00c1gil: Manejo de residuos radioactivos Curso: Auditor interno ambiental (SGA) ISO 14001:2015<\/p>\n","protected":false},"author":1,"featured_media":0,"parent":0,"menu_order":0,"comment_status":"closed","ping_status":"closed","template":"","meta":{"site-sidebar-layout":"no-sidebar","site-content-layout":"page-builder","ast-site-content-layout":"full-width-container","site-content-style":"default","site-sidebar-style":"default","ast-global-header-display":"","ast-banner-title-visibility":"","ast-main-header-display":"","ast-hfb-above-header-display":"","ast-hfb-below-header-display":"","ast-hfb-mobile-header-display":"","site-post-title":"disabled","ast-breadcrumbs-content":"","ast-featured-img":"disabled","footer-sml-layout":"","theme-transparent-header-meta":"","adv-header-id-meta":"","stick-header-meta":"","header-above-stick-meta":"","header-main-stick-meta":"","header-below-stick-meta":"","astra-migrate-meta-layouts":"set","ast-page-background-enabled":"default","ast-page-background-meta":{"desktop":{"background-color":"var(--ast-global-color-4)","background-image":"","background-repeat":"repeat","background-position":"center center","background-size":"auto","background-attachment":"scroll","background-type":"","background-media":"","overlay-type":"","overlay-color":"","overlay-opacity":"","overlay-gradient":""},"tablet":{"background-color":"","background-image":"","background-repeat":"repeat","background-position":"center center","background-size":"auto","background-attachment":"scroll","background-type":"","background-media":"","overlay-type":"","overlay-color":"","overlay-opacity":"","overlay-gradient":""},"mobile":{"background-color":"","background-image":"","background-repeat":"repeat","background-position":"center center","background-size":"auto","background-attachment":"scroll","background-type":"","background-media":"","overlay-type":"","overlay-color":"","overlay-opacity":"","overlay-gradient":""}},"ast-content-background-meta":{"desktop":{"background-color":"var(--ast-global-color-5)","background-image":"","background-repeat":"repeat","background-position":"center center","background-size":"auto","background-attachment":"scroll","background-type":"","background-media":"","overlay-type":"","overlay-color":"","overlay-opacity":"","overlay-gradient":""},"tablet":{"background-color":"var(--ast-global-color-5)","background-image":"","background-repeat":"repeat","background-position":"center center","background-size":"auto","background-attachment":"scroll","background-type":"","background-media":"","overlay-type":"","overlay-color":"","overlay-opacity":"","overlay-gradient":""},"mobile":{"background-color":"var(--ast-global-color-5)","background-image":"","background-repeat":"repeat","background-position":"center center","background-size":"auto","background-attachment":"scroll","background-type":"","background-media":"","overlay-type":"","overlay-color":"","overlay-opacity":"","overlay-gradient":""}},"footnotes":""},"class_list":["post-1887","page","type-page","status-publish","hentry"],"_links":{"self":[{"href":"https:\/\/www.implementandosgi.com\/sitiosplus\/wp-json\/wp\/v2\/pages\/1887","targetHints":{"allow":["GET"]}}],"collection":[{"href":"https:\/\/www.implementandosgi.com\/sitiosplus\/wp-json\/wp\/v2\/pages"}],"about":[{"href":"https:\/\/www.implementandosgi.com\/sitiosplus\/wp-json\/wp\/v2\/types\/page"}],"author":[{"embeddable":true,"href":"https:\/\/www.implementandosgi.com\/sitiosplus\/wp-json\/wp\/v2\/users\/1"}],"replies":[{"embeddable":true,"href":"https:\/\/www.implementandosgi.com\/sitiosplus\/wp-json\/wp\/v2\/comments?post=1887"}],"version-history":[{"count":7,"href":"https:\/\/www.implementandosgi.com\/sitiosplus\/wp-json\/wp\/v2\/pages\/1887\/revisions"}],"predecessor-version":[{"id":1901,"href":"https:\/\/www.implementandosgi.com\/sitiosplus\/wp-json\/wp\/v2\/pages\/1887\/revisions\/1901"}],"wp:attachment":[{"href":"https:\/\/www.implementandosgi.com\/sitiosplus\/wp-json\/wp\/v2\/media?parent=1887"}],"curies":[{"name":"wp","href":"https:\/\/api.w.org\/{rel}","templated":true}]}}