{"id":908,"date":"2024-01-26T17:12:04","date_gmt":"2024-01-26T17:12:04","guid":{"rendered":"https:\/\/www.implementandosgi.com\/sitiosplus\/?page_id=908"},"modified":"2024-11-14T14:13:56","modified_gmt":"2024-11-14T14:13:56","slug":"productosan","status":"publish","type":"page","link":"https:\/\/www.implementandosgi.com\/sitiosplus\/productosan\/","title":{"rendered":"Productos Analisis de procesos"},"content":{"rendered":"\t\t<div data-elementor-type=\"wp-page\" data-elementor-id=\"908\" class=\"elementor elementor-908\" data-elementor-post-type=\"page\">\n\t\t\t\t\t\t<section class=\"elementor-section elementor-top-section elementor-element elementor-element-1743f3a elementor-section-boxed elementor-section-height-default elementor-section-height-default\" data-id=\"1743f3a\" data-element_type=\"section\" data-settings=\"{&quot;background_background&quot;:&quot;classic&quot;}\">\n\t\t\t\t\t\t\t<div class=\"elementor-background-overlay\"><\/div>\n\t\t\t\t\t\t\t<div class=\"elementor-container elementor-column-gap-default\">\n\t\t\t\t\t<div class=\"elementor-column elementor-col-100 elementor-top-column elementor-element elementor-element-212cf8b\" data-id=\"212cf8b\" data-element_type=\"column\">\n\t\t\t<div class=\"elementor-widget-wrap elementor-element-populated\">\n\t\t\t\t\t\t<div class=\"elementor-element elementor-element-1a31ac5 elementor-widget elementor-widget-heading\" data-id=\"1a31ac5\" data-element_type=\"widget\" data-widget_type=\"heading.default\">\n\t\t\t\t<div class=\"elementor-widget-container\">\n\t\t\t<style>\/*! elementor - v3.23.0 - 05-08-2024 *\/\n.elementor-heading-title{padding:0;margin:0;line-height:1}.elementor-widget-heading .elementor-heading-title[class*=elementor-size-]>a{color:inherit;font-size:inherit;line-height:inherit}.elementor-widget-heading .elementor-heading-title.elementor-size-small{font-size:15px}.elementor-widget-heading .elementor-heading-title.elementor-size-medium{font-size:19px}.elementor-widget-heading .elementor-heading-title.elementor-size-large{font-size:29px}.elementor-widget-heading .elementor-heading-title.elementor-size-xl{font-size:39px}.elementor-widget-heading .elementor-heading-title.elementor-size-xxl{font-size:59px}<\/style><h1 class=\"elementor-heading-title elementor-size-default\">Productos<\/h1>\t\t<\/div>\n\t\t\t\t<\/div>\n\t\t\t\t\t<\/div>\n\t\t<\/div>\n\t\t\t\t\t<\/div>\n\t\t<\/section>\n\t\t\t\t<section class=\"elementor-section elementor-top-section elementor-element elementor-element-7341203 elementor-section-boxed elementor-section-height-default elementor-section-height-default\" data-id=\"7341203\" data-element_type=\"section\">\n\t\t\t\t\t\t<div class=\"elementor-container elementor-column-gap-default\">\n\t\t\t\t\t<div class=\"elementor-column elementor-col-25 elementor-top-column elementor-element elementor-element-1bc4803\" data-id=\"1bc4803\" data-element_type=\"column\">\n\t\t\t<div class=\"elementor-widget-wrap elementor-element-populated\">\n\t\t\t\t\t\t<div class=\"elementor-element elementor-element-8b77a86 elementor-widget elementor-widget-image\" data-id=\"8b77a86\" data-element_type=\"widget\" data-widget_type=\"image.default\">\n\t\t\t\t<div class=\"elementor-widget-container\">\n\t\t\t<style>\/*! elementor - v3.23.0 - 05-08-2024 *\/\n.elementor-widget-image{text-align:center}.elementor-widget-image a{display:inline-block}.elementor-widget-image a img[src$=\".svg\"]{width:48px}.elementor-widget-image img{vertical-align:middle;display:inline-block}<\/style>\t\t\t\t\t\t\t\t\t\t\t<a href=\"https:\/\/tienda.atcalsas.com\/producto\/curso-lean-basico-optimizacion-de-procesos-para-la-excelencia-operativa\/?currency=COP\" target=\"_blank\">\n\t\t\t\t\t\t\t<img fetchpriority=\"high\" decoding=\"async\" width=\"500\" height=\"500\" src=\"https:\/\/www.implementandosgi.com\/sitiosplus\/wp-content\/uploads\/2024\/11\/aafhdzgaPortada-cursos.png\" class=\"attachment-large size-large wp-image-2358\" alt=\"\" srcset=\"https:\/\/www.implementandosgi.com\/sitiosplus\/wp-content\/uploads\/2024\/11\/aafhdzgaPortada-cursos.png 500w, https:\/\/www.implementandosgi.com\/sitiosplus\/wp-content\/uploads\/2024\/11\/aafhdzgaPortada-cursos-300x300.png 300w, https:\/\/www.implementandosgi.com\/sitiosplus\/wp-content\/uploads\/2024\/11\/aafhdzgaPortada-cursos-150x150.png 150w\" sizes=\"(max-width: 500px) 100vw, 500px\" \/>\t\t\t\t\t\t\t\t<\/a>\n\t\t\t\t\t\t\t\t\t\t\t\t\t<\/div>\n\t\t\t\t<\/div>\n\t\t\t\t<div class=\"elementor-element elementor-element-91ecc28 elementor-widget elementor-widget-text-editor\" data-id=\"91ecc28\" data-element_type=\"widget\" data-widget_type=\"text-editor.default\">\n\t\t\t\t<div class=\"elementor-widget-container\">\n\t\t\t<style>\/*! elementor - v3.23.0 - 05-08-2024 *\/\n.elementor-widget-text-editor.elementor-drop-cap-view-stacked .elementor-drop-cap{background-color:#69727d;color:#fff}.elementor-widget-text-editor.elementor-drop-cap-view-framed .elementor-drop-cap{color:#69727d;border:3px solid;background-color:transparent}.elementor-widget-text-editor:not(.elementor-drop-cap-view-default) .elementor-drop-cap{margin-top:8px}.elementor-widget-text-editor:not(.elementor-drop-cap-view-default) .elementor-drop-cap-letter{width:1em;height:1em}.elementor-widget-text-editor .elementor-drop-cap{float:left;text-align:center;line-height:1;font-size:50px}.elementor-widget-text-editor .elementor-drop-cap-letter{display:inline-block}<\/style>\t\t\t\t<p>Lean B\u00e1sico: Optimizaci\u00f3n de procesos para la excelencia operativa<\/p>\t\t\t\t\t\t<\/div>\n\t\t\t\t<\/div>\n\t\t\t\t\t<\/div>\n\t\t<\/div>\n\t\t\t\t<div class=\"elementor-column elementor-col-25 elementor-top-column elementor-element elementor-element-c9a3f61\" data-id=\"c9a3f61\" data-element_type=\"column\">\n\t\t\t<div class=\"elementor-widget-wrap elementor-element-populated\">\n\t\t\t\t\t\t<div class=\"elementor-element elementor-element-dc864c1 elementor-widget elementor-widget-image\" data-id=\"dc864c1\" data-element_type=\"widget\" data-widget_type=\"image.default\">\n\t\t\t\t<div class=\"elementor-widget-container\">\n\t\t\t\t\t\t\t\t\t\t\t\t\t\t<a href=\"https:\/\/tienda.atcalsas.com\/producto\/implementa-sistemas-de-gestion-productivos-para-ti-y-para-la-empresa\/\" target=\"_blank\">\n\t\t\t\t\t\t\t<img decoding=\"async\" width=\"500\" height=\"500\" src=\"https:\/\/www.implementandosgi.com\/sitiosplus\/wp-content\/uploads\/2024\/10\/Portada-cursos-2.png\" class=\"attachment-large size-large wp-image-2269\" alt=\"\" srcset=\"https:\/\/www.implementandosgi.com\/sitiosplus\/wp-content\/uploads\/2024\/10\/Portada-cursos-2.png 500w, https:\/\/www.implementandosgi.com\/sitiosplus\/wp-content\/uploads\/2024\/10\/Portada-cursos-2-300x300.png 300w, https:\/\/www.implementandosgi.com\/sitiosplus\/wp-content\/uploads\/2024\/10\/Portada-cursos-2-150x150.png 150w\" sizes=\"(max-width: 500px) 100vw, 500px\" \/>\t\t\t\t\t\t\t\t<\/a>\n\t\t\t\t\t\t\t\t\t\t\t\t\t<\/div>\n\t\t\t\t<\/div>\n\t\t\t\t<div class=\"elementor-element elementor-element-d5549b8 elementor-widget elementor-widget-text-editor\" data-id=\"d5549b8\" data-element_type=\"widget\" data-widget_type=\"text-editor.default\">\n\t\t\t\t<div class=\"elementor-widget-container\">\n\t\t\t\t\t\t\t<p>Curso \u00c1gil: Asegura que la implementaci\u00f3n del sistema sea productivo para ti y la empresa<\/p>\t\t\t\t\t\t<\/div>\n\t\t\t\t<\/div>\n\t\t\t\t\t<\/div>\n\t\t<\/div>\n\t\t\t\t<div class=\"elementor-column elementor-col-25 elementor-top-column elementor-element elementor-element-fd9c6fe\" data-id=\"fd9c6fe\" data-element_type=\"column\">\n\t\t\t<div class=\"elementor-widget-wrap elementor-element-populated\">\n\t\t\t\t\t\t<div class=\"elementor-element elementor-element-60ac769 elementor-widget elementor-widget-image\" data-id=\"60ac769\" data-element_type=\"widget\" data-widget_type=\"image.default\">\n\t\t\t\t<div class=\"elementor-widget-container\">\n\t\t\t\t\t\t\t\t\t\t\t\t\t\t<a href=\"https:\/\/tienda.atcalsas.com\/producto\/liderando-eficazmente-mi-equipo-de-trabajo-3\/\" target=\"_blank\">\n\t\t\t\t\t\t\t<img decoding=\"async\" width=\"500\" height=\"500\" src=\"https:\/\/www.implementandosgi.com\/sitiosplus\/wp-content\/uploads\/2024\/10\/Portada-cursos-3.png\" class=\"attachment-large size-large wp-image-2270\" alt=\"\" srcset=\"https:\/\/www.implementandosgi.com\/sitiosplus\/wp-content\/uploads\/2024\/10\/Portada-cursos-3.png 500w, https:\/\/www.implementandosgi.com\/sitiosplus\/wp-content\/uploads\/2024\/10\/Portada-cursos-3-300x300.png 300w, https:\/\/www.implementandosgi.com\/sitiosplus\/wp-content\/uploads\/2024\/10\/Portada-cursos-3-150x150.png 150w\" sizes=\"(max-width: 500px) 100vw, 500px\" \/>\t\t\t\t\t\t\t\t<\/a>\n\t\t\t\t\t\t\t\t\t\t\t\t\t<\/div>\n\t\t\t\t<\/div>\n\t\t\t\t<div class=\"elementor-element elementor-element-02390d3 elementor-widget elementor-widget-text-editor\" data-id=\"02390d3\" data-element_type=\"widget\" data-widget_type=\"text-editor.default\">\n\t\t\t\t<div class=\"elementor-widget-container\">\n\t\t\t\t\t\t\t<p>Curso \u00c1gil: Liderando eficazmente mi equipo de trabajo<\/p>\t\t\t\t\t\t<\/div>\n\t\t\t\t<\/div>\n\t\t\t\t\t<\/div>\n\t\t<\/div>\n\t\t\t\t<div class=\"elementor-column elementor-col-25 elementor-top-column elementor-element elementor-element-6fea9e1\" data-id=\"6fea9e1\" data-element_type=\"column\">\n\t\t\t<div class=\"elementor-widget-wrap elementor-element-populated\">\n\t\t\t\t\t\t<div class=\"elementor-element elementor-element-a3904d9 elementor-widget elementor-widget-image\" data-id=\"a3904d9\" data-element_type=\"widget\" data-widget_type=\"image.default\">\n\t\t\t\t<div class=\"elementor-widget-container\">\n\t\t\t\t\t\t\t\t\t\t\t\t\t\t<a href=\"https:\/\/tienda.atcalsas.com\/producto\/adquiriendo-un-estilo-de-comunicacion-exitosa-3\/\" target=\"_blank\">\n\t\t\t\t\t\t\t<img loading=\"lazy\" decoding=\"async\" width=\"500\" height=\"500\" src=\"https:\/\/www.implementandosgi.com\/sitiosplus\/wp-content\/uploads\/2024\/10\/Portada-cursos-4.png\" class=\"attachment-large size-large wp-image-2271\" alt=\"\" srcset=\"https:\/\/www.implementandosgi.com\/sitiosplus\/wp-content\/uploads\/2024\/10\/Portada-cursos-4.png 500w, https:\/\/www.implementandosgi.com\/sitiosplus\/wp-content\/uploads\/2024\/10\/Portada-cursos-4-300x300.png 300w, https:\/\/www.implementandosgi.com\/sitiosplus\/wp-content\/uploads\/2024\/10\/Portada-cursos-4-150x150.png 150w\" sizes=\"(max-width: 500px) 100vw, 500px\" \/>\t\t\t\t\t\t\t\t<\/a>\n\t\t\t\t\t\t\t\t\t\t\t\t\t<\/div>\n\t\t\t\t<\/div>\n\t\t\t\t<div class=\"elementor-element elementor-element-fea3246 elementor-widget elementor-widget-text-editor\" data-id=\"fea3246\" data-element_type=\"widget\" data-widget_type=\"text-editor.default\">\n\t\t\t\t<div class=\"elementor-widget-container\">\n\t\t\t\t\t\t\t<p>Curso \u00c1gil: Adquiriendo un estilo de comunicaci\u00f3n exitosa<\/p>\t\t\t\t\t\t<\/div>\n\t\t\t\t<\/div>\n\t\t\t\t\t<\/div>\n\t\t<\/div>\n\t\t\t\t\t<\/div>\n\t\t<\/section>\n\t\t\t\t<section class=\"elementor-section elementor-top-section elementor-element elementor-element-3de2549 elementor-section-boxed elementor-section-height-default elementor-section-height-default\" data-id=\"3de2549\" data-element_type=\"section\">\n\t\t\t\t\t\t<div class=\"elementor-container elementor-column-gap-default\">\n\t\t\t\t\t<div class=\"elementor-column elementor-col-25 elementor-top-column elementor-element elementor-element-c982d6f\" data-id=\"c982d6f\" data-element_type=\"column\">\n\t\t\t<div class=\"elementor-widget-wrap elementor-element-populated\">\n\t\t\t\t\t\t<div class=\"elementor-element elementor-element-ab686ab elementor-widget elementor-widget-image\" data-id=\"ab686ab\" data-element_type=\"widget\" data-widget_type=\"image.default\">\n\t\t\t\t<div class=\"elementor-widget-container\">\n\t\t\t\t\t\t\t\t\t\t\t\t\t\t<a href=\"https:\/\/tienda.atcalsas.com\/producto\/indicadores-de-gestion\/\" target=\"_blank\">\n\t\t\t\t\t\t\t<img loading=\"lazy\" decoding=\"async\" width=\"500\" height=\"500\" src=\"https:\/\/www.implementandosgi.com\/sitiosplus\/wp-content\/uploads\/2024\/10\/Portada-cursos-5.png\" class=\"attachment-large size-large wp-image-2275\" alt=\"\" srcset=\"https:\/\/www.implementandosgi.com\/sitiosplus\/wp-content\/uploads\/2024\/10\/Portada-cursos-5.png 500w, https:\/\/www.implementandosgi.com\/sitiosplus\/wp-content\/uploads\/2024\/10\/Portada-cursos-5-300x300.png 300w, https:\/\/www.implementandosgi.com\/sitiosplus\/wp-content\/uploads\/2024\/10\/Portada-cursos-5-150x150.png 150w\" sizes=\"(max-width: 500px) 100vw, 500px\" \/>\t\t\t\t\t\t\t\t<\/a>\n\t\t\t\t\t\t\t\t\t\t\t\t\t<\/div>\n\t\t\t\t<\/div>\n\t\t\t\t<div class=\"elementor-element elementor-element-982701f elementor-widget elementor-widget-text-editor\" data-id=\"982701f\" data-element_type=\"widget\" data-widget_type=\"text-editor.default\">\n\t\t\t\t<div class=\"elementor-widget-container\">\n\t\t\t\t\t\t\t<p>Curso: Indicadores del sistema de gesti\u00f3n; Mide, controla y mejora<\/p>\t\t\t\t\t\t<\/div>\n\t\t\t\t<\/div>\n\t\t\t\t\t<\/div>\n\t\t<\/div>\n\t\t\t\t<div class=\"elementor-column elementor-col-25 elementor-top-column elementor-element elementor-element-140afe4\" data-id=\"140afe4\" data-element_type=\"column\">\n\t\t\t<div class=\"elementor-widget-wrap elementor-element-populated\">\n\t\t\t\t\t\t<div class=\"elementor-element elementor-element-94428c3 elementor-widget elementor-widget-image\" data-id=\"94428c3\" data-element_type=\"widget\" data-widget_type=\"image.default\">\n\t\t\t\t<div class=\"elementor-widget-container\">\n\t\t\t\t\t\t\t\t\t\t\t\t\t\t<a href=\"https:\/\/tienda.atcalsas.com\/producto\/profesionales-en-sistemas-de-gestion\/\" target=\"_blank\">\n\t\t\t\t\t\t\t<img loading=\"lazy\" decoding=\"async\" width=\"500\" height=\"500\" src=\"https:\/\/www.implementandosgi.com\/sitiosplus\/wp-content\/uploads\/2024\/10\/Portada-cursos-6.png\" class=\"attachment-large size-large wp-image-2277\" alt=\"\" srcset=\"https:\/\/www.implementandosgi.com\/sitiosplus\/wp-content\/uploads\/2024\/10\/Portada-cursos-6.png 500w, https:\/\/www.implementandosgi.com\/sitiosplus\/wp-content\/uploads\/2024\/10\/Portada-cursos-6-300x300.png 300w, https:\/\/www.implementandosgi.com\/sitiosplus\/wp-content\/uploads\/2024\/10\/Portada-cursos-6-150x150.png 150w\" sizes=\"(max-width: 500px) 100vw, 500px\" \/>\t\t\t\t\t\t\t\t<\/a>\n\t\t\t\t\t\t\t\t\t\t\t\t\t<\/div>\n\t\t\t\t<\/div>\n\t\t\t\t<div class=\"elementor-element elementor-element-1926853 elementor-widget elementor-widget-text-editor\" data-id=\"1926853\" data-element_type=\"widget\" data-widget_type=\"text-editor.default\">\n\t\t\t\t<div class=\"elementor-widget-container\">\n\t\t\t\t\t\t\t<p>Curso: (Gu\u00eda) para el desarrollo y crecimiento de profesionales en sistemas de gesti\u00f3n<\/p>\t\t\t\t\t\t<\/div>\n\t\t\t\t<\/div>\n\t\t\t\t\t<\/div>\n\t\t<\/div>\n\t\t\t\t<div class=\"elementor-column elementor-col-25 elementor-top-column elementor-element elementor-element-a218305\" data-id=\"a218305\" data-element_type=\"column\">\n\t\t\t<div class=\"elementor-widget-wrap elementor-element-populated\">\n\t\t\t\t\t\t<div class=\"elementor-element elementor-element-fb4e908 elementor-widget elementor-widget-image\" data-id=\"fb4e908\" data-element_type=\"widget\" data-widget_type=\"image.default\">\n\t\t\t\t<div class=\"elementor-widget-container\">\n\t\t\t\t\t\t\t\t\t\t\t\t\t\t<a href=\"https:\/\/tienda.atcalsas.com\/producto\/actualizacion-norma-iso-90012015-basico-3\/\" target=\"_blank\">\n\t\t\t\t\t\t\t<img loading=\"lazy\" decoding=\"async\" width=\"500\" height=\"500\" src=\"https:\/\/www.implementandosgi.com\/sitiosplus\/wp-content\/uploads\/2024\/10\/Portada-cursos-7.png\" class=\"attachment-large size-large wp-image-2278\" alt=\"\" srcset=\"https:\/\/www.implementandosgi.com\/sitiosplus\/wp-content\/uploads\/2024\/10\/Portada-cursos-7.png 500w, https:\/\/www.implementandosgi.com\/sitiosplus\/wp-content\/uploads\/2024\/10\/Portada-cursos-7-300x300.png 300w, https:\/\/www.implementandosgi.com\/sitiosplus\/wp-content\/uploads\/2024\/10\/Portada-cursos-7-150x150.png 150w\" sizes=\"(max-width: 500px) 100vw, 500px\" \/>\t\t\t\t\t\t\t\t<\/a>\n\t\t\t\t\t\t\t\t\t\t\t\t\t<\/div>\n\t\t\t\t<\/div>\n\t\t\t\t<div class=\"elementor-element elementor-element-dcfecb0 elementor-widget elementor-widget-text-editor\" data-id=\"dcfecb0\" data-element_type=\"widget\" data-widget_type=\"text-editor.default\">\n\t\t\t\t<div class=\"elementor-widget-container\">\n\t\t\t\t\t\t\t<p>Curso: Actualizaci\u00f3n norma ISO 9001:2015 b\u00e1sico<\/p>\t\t\t\t\t\t<\/div>\n\t\t\t\t<\/div>\n\t\t\t\t\t<\/div>\n\t\t<\/div>\n\t\t\t\t<div class=\"elementor-column elementor-col-25 elementor-top-column elementor-element elementor-element-bdda773\" data-id=\"bdda773\" data-element_type=\"column\">\n\t\t\t<div class=\"elementor-widget-wrap elementor-element-populated\">\n\t\t\t\t\t\t<div class=\"elementor-element elementor-element-0de71ad elementor-widget elementor-widget-image\" data-id=\"0de71ad\" data-element_type=\"widget\" data-widget_type=\"image.default\">\n\t\t\t\t<div class=\"elementor-widget-container\">\n\t\t\t\t\t\t\t\t\t\t\t\t\t\t<a href=\"https:\/\/tienda.atcalsas.com\/producto\/auditor-interno-iso-90012015-sistema-de-gestion-calidad-sgc-3\/\" target=\"_blank\">\n\t\t\t\t\t\t\t<img loading=\"lazy\" decoding=\"async\" width=\"500\" height=\"500\" src=\"https:\/\/www.implementandosgi.com\/sitiosplus\/wp-content\/uploads\/2024\/10\/Portada-cursos-8.png\" class=\"attachment-large size-large wp-image-2279\" alt=\"\" srcset=\"https:\/\/www.implementandosgi.com\/sitiosplus\/wp-content\/uploads\/2024\/10\/Portada-cursos-8.png 500w, https:\/\/www.implementandosgi.com\/sitiosplus\/wp-content\/uploads\/2024\/10\/Portada-cursos-8-300x300.png 300w, https:\/\/www.implementandosgi.com\/sitiosplus\/wp-content\/uploads\/2024\/10\/Portada-cursos-8-150x150.png 150w\" sizes=\"(max-width: 500px) 100vw, 500px\" \/>\t\t\t\t\t\t\t\t<\/a>\n\t\t\t\t\t\t\t\t\t\t\t\t\t<\/div>\n\t\t\t\t<\/div>\n\t\t\t\t<div class=\"elementor-element elementor-element-7656838 elementor-widget elementor-widget-text-editor\" data-id=\"7656838\" data-element_type=\"widget\" data-widget_type=\"text-editor.default\">\n\t\t\t\t<div class=\"elementor-widget-container\">\n\t\t\t\t\t\t\t<p>Curso: Auditor interno ISO 9001:2015 sistema de gesti\u00f3n calidad (SGC)<\/p>\t\t\t\t\t\t<\/div>\n\t\t\t\t<\/div>\n\t\t\t\t\t<\/div>\n\t\t<\/div>\n\t\t\t\t\t<\/div>\n\t\t<\/section>\n\t\t\t\t<section class=\"elementor-section elementor-top-section elementor-element elementor-element-09647cc elementor-section-boxed elementor-section-height-default elementor-section-height-default\" data-id=\"09647cc\" data-element_type=\"section\">\n\t\t\t\t\t\t<div class=\"elementor-container elementor-column-gap-default\">\n\t\t\t\t\t<div class=\"elementor-column elementor-col-25 elementor-top-column elementor-element elementor-element-516d0c8\" data-id=\"516d0c8\" data-element_type=\"column\">\n\t\t\t<div class=\"elementor-widget-wrap elementor-element-populated\">\n\t\t\t\t\t\t<div class=\"elementor-element elementor-element-dd3ecd6 elementor-widget elementor-widget-image\" data-id=\"dd3ecd6\" data-element_type=\"widget\" data-widget_type=\"image.default\">\n\t\t\t\t<div class=\"elementor-widget-container\">\n\t\t\t\t\t\t\t\t\t\t\t\t\t\t<a href=\"https:\/\/tienda.atcalsas.com\/producto\/un-pago-diplomado-en-tecnicas-y-herramientas-para-transformar-la-manera-de-implementar-sistemas-de-gestion-utiles-para-ti-y-la-empresa\/\" target=\"_blank\">\n\t\t\t\t\t\t\t<img loading=\"lazy\" decoding=\"async\" width=\"500\" height=\"500\" src=\"https:\/\/www.implementandosgi.com\/sitiosplus\/wp-content\/uploads\/2024\/10\/Portada-cursos-1.png\" class=\"attachment-large size-large wp-image-2267\" alt=\"\" srcset=\"https:\/\/www.implementandosgi.com\/sitiosplus\/wp-content\/uploads\/2024\/10\/Portada-cursos-1.png 500w, https:\/\/www.implementandosgi.com\/sitiosplus\/wp-content\/uploads\/2024\/10\/Portada-cursos-1-300x300.png 300w, https:\/\/www.implementandosgi.com\/sitiosplus\/wp-content\/uploads\/2024\/10\/Portada-cursos-1-150x150.png 150w\" sizes=\"(max-width: 500px) 100vw, 500px\" \/>\t\t\t\t\t\t\t\t<\/a>\n\t\t\t\t\t\t\t\t\t\t\t\t\t<\/div>\n\t\t\t\t<\/div>\n\t\t\t\t<div class=\"elementor-element elementor-element-1e6d87b elementor-widget elementor-widget-text-editor\" data-id=\"1e6d87b\" data-element_type=\"widget\" data-widget_type=\"text-editor.default\">\n\t\t\t\t<div class=\"elementor-widget-container\">\n\t\t\t\t\t\t\t<p>Sistemas integrados de Gesti\u00f3n &#8211; Auditor Interno (ISO 9001:2015, ISO 14001:2015, ISO 45001:2018)<\/p>\t\t\t\t\t\t<\/div>\n\t\t\t\t<\/div>\n\t\t\t\t\t<\/div>\n\t\t<\/div>\n\t\t\t\t<div class=\"elementor-column elementor-col-25 elementor-top-column elementor-element elementor-element-b78e8ae\" data-id=\"b78e8ae\" data-element_type=\"column\">\n\t\t\t<div class=\"elementor-widget-wrap elementor-element-populated\">\n\t\t\t\t\t\t<div class=\"elementor-element elementor-element-25de9af elementor-widget elementor-widget-image\" data-id=\"25de9af\" data-element_type=\"widget\" data-widget_type=\"image.default\">\n\t\t\t\t<div class=\"elementor-widget-container\">\n\t\t\t\t\t\t\t\t\t\t\t\t\t\t<a href=\"https:\/\/tienda.atcalsas.com\/producto\/plan-de-formacion-sgi-3\/\" target=\"_blank\">\n\t\t\t\t\t\t\t<img loading=\"lazy\" decoding=\"async\" width=\"500\" height=\"500\" src=\"https:\/\/www.implementandosgi.com\/sitiosplus\/wp-content\/uploads\/2024\/10\/Portada-cursos-9.png\" class=\"attachment-large size-large wp-image-2280\" alt=\"\" srcset=\"https:\/\/www.implementandosgi.com\/sitiosplus\/wp-content\/uploads\/2024\/10\/Portada-cursos-9.png 500w, https:\/\/www.implementandosgi.com\/sitiosplus\/wp-content\/uploads\/2024\/10\/Portada-cursos-9-300x300.png 300w, https:\/\/www.implementandosgi.com\/sitiosplus\/wp-content\/uploads\/2024\/10\/Portada-cursos-9-150x150.png 150w\" sizes=\"(max-width: 500px) 100vw, 500px\" \/>\t\t\t\t\t\t\t\t<\/a>\n\t\t\t\t\t\t\t\t\t\t\t\t\t<\/div>\n\t\t\t\t<\/div>\n\t\t\t\t<div class=\"elementor-element elementor-element-e333fb2 elementor-widget elementor-widget-text-editor\" data-id=\"e333fb2\" data-element_type=\"widget\" data-widget_type=\"text-editor.default\">\n\t\t\t\t<div class=\"elementor-widget-container\">\n\t\t\t\t\t\t\t<p>herramienta: Plan de formaci\u00f3n SGI<\/p>\t\t\t\t\t\t<\/div>\n\t\t\t\t<\/div>\n\t\t\t\t\t<\/div>\n\t\t<\/div>\n\t\t\t\t<div class=\"elementor-column elementor-col-25 elementor-top-column elementor-element elementor-element-408f6bc\" data-id=\"408f6bc\" data-element_type=\"column\">\n\t\t\t<div class=\"elementor-widget-wrap\">\n\t\t\t\t\t\t\t<\/div>\n\t\t<\/div>\n\t\t\t\t<div class=\"elementor-column elementor-col-25 elementor-top-column elementor-element elementor-element-bafca31\" data-id=\"bafca31\" data-element_type=\"column\">\n\t\t\t<div class=\"elementor-widget-wrap\">\n\t\t\t\t\t\t\t<\/div>\n\t\t<\/div>\n\t\t\t\t\t<\/div>\n\t\t<\/section>\n\t\t\t\t<\/div>\n\t\t","protected":false},"excerpt":{"rendered":"<p>Productos Lean B\u00e1sico: Optimizaci\u00f3n de procesos para la excelencia operativa Curso \u00c1gil: Asegura que la implementaci\u00f3n del sistema sea productivo para ti y la empresa Curso \u00c1gil: Liderando eficazmente mi equipo de trabajo Curso \u00c1gil: Adquiriendo un estilo de comunicaci\u00f3n exitosa Curso: Indicadores del sistema de gesti\u00f3n; Mide, controla y mejora Curso: (Gu\u00eda) para el [&hellip;]<\/p>\n","protected":false},"author":1,"featured_media":0,"parent":0,"menu_order":0,"comment_status":"closed","ping_status":"closed","template":"","meta":{"site-sidebar-layout":"no-sidebar","site-content-layout":"page-builder","ast-site-content-layout":"full-width-container","site-content-style":"default","site-sidebar-style":"default","ast-global-header-display":"","ast-banner-title-visibility":"","ast-main-header-display":"","ast-hfb-above-header-display":"","ast-hfb-below-header-display":"","ast-hfb-mobile-header-display":"","site-post-title":"disabled","ast-breadcrumbs-content":"","ast-featured-img":"disabled","footer-sml-layout":"","theme-transparent-header-meta":"","adv-header-id-meta":"","stick-header-meta":"","header-above-stick-meta":"","header-main-stick-meta":"","header-below-stick-meta":"","astra-migrate-meta-layouts":"set","ast-page-background-enabled":"default","ast-page-background-meta":{"desktop":{"background-color":"var(--ast-global-color-4)","background-image":"","background-repeat":"repeat","background-position":"center center","background-size":"auto","background-attachment":"scroll","background-type":"","background-media":"","overlay-type":"","overlay-color":"","overlay-opacity":"","overlay-gradient":""},"tablet":{"background-color":"","background-image":"","background-repeat":"repeat","background-position":"center center","background-size":"auto","background-attachment":"scroll","background-type":"","background-media":"","overlay-type":"","overlay-color":"","overlay-opacity":"","overlay-gradient":""},"mobile":{"background-color":"","background-image":"","background-repeat":"repeat","background-position":"center center","background-size":"auto","background-attachment":"scroll","background-type":"","background-media":"","overlay-type":"","overlay-color":"","overlay-opacity":"","overlay-gradient":""}},"ast-content-background-meta":{"desktop":{"background-color":"var(--ast-global-color-5)","background-image":"","background-repeat":"repeat","background-position":"center center","background-size":"auto","background-attachment":"scroll","background-type":"","background-media":"","overlay-type":"","overlay-color":"","overlay-opacity":"","overlay-gradient":""},"tablet":{"background-color":"var(--ast-global-color-5)","background-image":"","background-repeat":"repeat","background-position":"center center","background-size":"auto","background-attachment":"scroll","background-type":"","background-media":"","overlay-type":"","overlay-color":"","overlay-opacity":"","overlay-gradient":""},"mobile":{"background-color":"var(--ast-global-color-5)","background-image":"","background-repeat":"repeat","background-position":"center center","background-size":"auto","background-attachment":"scroll","background-type":"","background-media":"","overlay-type":"","overlay-color":"","overlay-opacity":"","overlay-gradient":""}},"footnotes":""},"class_list":["post-908","page","type-page","status-publish","hentry"],"_links":{"self":[{"href":"https:\/\/www.implementandosgi.com\/sitiosplus\/wp-json\/wp\/v2\/pages\/908","targetHints":{"allow":["GET"]}}],"collection":[{"href":"https:\/\/www.implementandosgi.com\/sitiosplus\/wp-json\/wp\/v2\/pages"}],"about":[{"href":"https:\/\/www.implementandosgi.com\/sitiosplus\/wp-json\/wp\/v2\/types\/page"}],"author":[{"embeddable":true,"href":"https:\/\/www.implementandosgi.com\/sitiosplus\/wp-json\/wp\/v2\/users\/1"}],"replies":[{"embeddable":true,"href":"https:\/\/www.implementandosgi.com\/sitiosplus\/wp-json\/wp\/v2\/comments?post=908"}],"version-history":[{"count":22,"href":"https:\/\/www.implementandosgi.com\/sitiosplus\/wp-json\/wp\/v2\/pages\/908\/revisions"}],"predecessor-version":[{"id":2361,"href":"https:\/\/www.implementandosgi.com\/sitiosplus\/wp-json\/wp\/v2\/pages\/908\/revisions\/2361"}],"wp:attachment":[{"href":"https:\/\/www.implementandosgi.com\/sitiosplus\/wp-json\/wp\/v2\/media?parent=908"}],"curies":[{"name":"wp","href":"https:\/\/api.w.org\/{rel}","templated":true}]}}